h - 46 = -3*w, -v = -5*w + 5*h. What is the tens digit of w?
1
Let m(w) = w + 10. Let c be m(0). Suppose n + c = -n. Let q = n - -8. What is the units digit of q?
3
Suppose 39 = 2*j - j. What is the units digit of j?
9
Let r = -2 + 4. Suppose -2*q + 8 = 0, 3*g - 3*q + 5*q = 44. Suppose -i = r*i - g. What is the units digit of i?
4
Let p = 161 + -86. What is the units digit of p?
5
Let f(y) be the first derivative of -y**6/360 + y**5/15 + 7*y**4/24 + 4*y**3/3 - 2. Let a(i) be the third derivative of f(i). What is the units digit of a(8)?
7
Let i = 67 - 40. Let t = 20 + i. What is the units digit of t?
7
Let y(z) = -11*z - 15. What is the tens digit of y(-4)?
2
Let t be -22 - (3 + -2 + 2). Let a = t + 41. What is the tens digit of a?
1
Let c(u) = u - 2. Let l(h) = 0 + 6*h - 2*h - 8 + 1. Let j(i) = 9*c(i) - 2*l(i). What is the units digit of j(5)?
1
Let l(h) = -h + 13. Let t be l(10). Suppose -t*y - 6 = m, -5*m + 2*y = -3*y - 30. What is the units digit of m?
3
Let o(u) = -3*u**2 - 24*u - 9 + 29*u + 4*u**2 - 10*u**2 + u**3. What is the tens digit of o(9)?
3
Suppose -3*r + 260 = r. What is the units digit of r?
5
Suppose -h + 37 = -5*g, 0 = -3*g - 15 + 6. What is the units digit of h?
2
Suppose -23*u = -13*u - 2270. What is the tens digit of u?
2
Let z(y) = 44*y**2 - 2*y - 3. What is the units digit of z(-1)?
3
Let a(l) = l. Let b be a(3). Suppose 23 = 5*n + b. What is the units digit of n?
4
Let n = 81 - -2. What is the units digit of n?
3
Suppose 2*c - 4*n = -10, 4*c - n - 2*n - 5 = 0. Suppose 0 = -o + 2*t + 1, -c*o - 10 + 24 = -t. Let s = 7 + o. What is the tens digit of s?
1
Let i = -5 + 33. Suppose -6 = -3*f, -i - 14 = -4*g + f. What is the tens digit of g?
1
Suppose -u - 2*q = -4*u + 190, -q = 4*u - 246. Suppose -5*z + u + 13 = 0. What is the units digit of z?
5
Suppose 2*m - 5 = 33. What is the units digit of m?
9
Let t = 3 - 27. What is the units digit of t/132 + (-598)/(-22)?
7
Suppose 0 = -5*q + 2*q - 18. What is the units digit of 4/((-36)/33)*q?
2
Let j be -3 - ((-10)/1)/2. Suppose -2*z = j*z - s - 97, s + 73 = 3*z. What is the tens digit of z?
2
Let a(o) = -o + 13. Let b be a(-10). Suppose -c + 3*d + b = 0, 0 = 2*c - 3*d - 50 + 19. What is the units digit of c?
8
Suppose -4*t + 137 = -5*g, -2*t + 4*g = -63 - 13. What is the tens digit of t?
2
Suppose -8 = -f + 4*k, -5*f + k - 2*k + 82 = 0. What is the tens digit of f?
1
Let u(i) = i + 6. Let f = -2 + 8. What is the tens digit of u(f)?
1
Let t = -19 - -50. What is the tens digit of t?
3
Let g(u) = u**3 - 7*u**2 - 7. Let i be g(7). What is the tens digit of 3 + (i - -1) + 25?
2
Suppose 4*p + p - 100 = 0. Suppose 3*q = -2*n + 36, -2*n - 5*q + 16 = -p. What is the units digit of n?
8
Let y(v) = 3*v. Let t be y(-2). Let p(f) = -f**3 - 7*f**2 - 5*f + 8. Let c be p(t). Let b = c - 1. What is the units digit of b?
1
Suppose 15 - 5 = 5*v. Suppose 3*q = -4*t + 18 + 5, -8 = -2*t + v*q. Suppose -3*y + 35 = t*b, 2*b = -0*b + 2*y + 14. What is the units digit of b?
7
Suppose 5*r - 5*k = 20, 0 = 2*r + 3*r + k + 4. Suppose r = 2*g - l - 14, g + 0*g - 5*l = 25. What is the units digit of g?
5
Let k(v) = 3*v**2 + v. Let a be k(-1). What is the tens digit of 2*((-212)/(-8) - a)?
4
Suppose t = 2*t. Let d = t - -5. What is the units digit of 10/(-25) + 12/d?
2
Suppose 5*z = -4*q - 8, 0 = -4*q - 2*z + 6 - 2. Suppose 0 = -0*d + q*d. Suppose -2 = -2*j - d. What is the units digit of j?
1
Suppose 21 = -6*f + 3*f - 3*v, 5*v + 26 = -2*f. What is the units digit of 15 + (f - -6 - 4)?
4
Suppose 0 = r + 1 - 2. Suppose -4*v + 12 = -6*v. What is the units digit of 0 - (r - v/(-3))?
1
Let t be (-18)/(-9)*2/1. Suppose -p - 4*c = t, -5*p + 3*c = -29 + 3. What is the units digit of p?
4
Let y(i) be the second derivative of -i**5/20 + 10*i**2 - 2*i. Let l be y(0). Suppose -2*d + 0*d = 5*k + 11, -l = 4*k. What is the units digit of d?
7
Let h(k) = 7*k**2 + 3*k + 17. What is the hundreds digit of h(4)?
1
Let k = -2 - -2. Suppose -3*n + k*n = -33. What is the units digit of n?
1
Let k = 60 + -126. What is the units digit of k/(-9)*6/4?
1
Suppose -9 = 4*h + 11, 3*u + 3*h = 48. Let o be (u/6)/((-1)/(-2)). Suppose -t + o = 5*j, 4*j - t - 5 = 6. What is the units digit of j?
2
Let j be (24/10)/(4/10). Suppose j = 2*t - 10. What is the units digit of t?
8
Let a(l) = l**3 - 4*l**2 - l - 2. Let p be a(4). Let q be (20/p)/(1/3). Let f = -3 - q. What is the units digit of f?
7
Suppose 3*x = -3, 3 = 3*c + 4*x - 8. Suppose -3*b + 4*s = -47, 4*s = c*b + 22 - 87. What is the units digit of b?
9
Suppose -2*c = -3*f + 4, 4*f - 1 = c + 6. What is the units digit of f?
2
Suppose q - 22 = -4*f, -3*q = -5*f - 0*q + 19. What is the units digit of (f + 0)*2 - -1?
1
Let c(l) = -l**3 - 2*l**2 + 2*l + 1. Let b be (-6)/(-9)*(-9)/2. What is the units digit of c(b)?
4
Suppose -3*s + 2*p + 9 = 0, -3*s + 16 = p - 2. Suppose 0*n = 4*a + 5*n + 5, -s = -2*a - n. What is the units digit of a?
5
Let y = 5 + -3. Suppose 2*j + 2*p = 40, -j - y*p = -4*p - 11. What is the units digit of j?
7
Let f(w) be the third derivative of -7*w**6/24 + w**5/20 + w**4/12 + w**2. What is the tens digit of f(-1)?
3
What is the tens digit of (-1988)/(-70) - 3/(-5)?
2
Suppose 2*t + 3*s = 189, -4*t + 3*s = -314 - 91. What is the units digit of t?
9
Suppose t + 155 + 65 = -3*f, 2*t = -4*f - 292. What is the tens digit of (-2)/(-10) + f/(-5)?
1
Let h = 11 - 6. Suppose 16 = -4*u - 5*p, -5*u - p + h*p = -21. What is the units digit of u?
1
Let b be (-2)/(-6) - (-2)/(-6). Suppose 4*p + b*p + y - 9 = 0, -4 = -3*p + 2*y. Suppose 3*k - p*h = 27, -12 - 6 = -2*k - 5*h. What is the units digit of k?
9
Suppose 126 = 5*i + 2*v, -3*i + 81 = -2*v + 5*v. What is the tens digit of i?
2
Let l = 439 + -166. What is the units digit of l?
3
Suppose -4 = 4*w + 3*r, -2*w - r - 8 = 2*r. Suppose 3*x - 4*j = 10, -2*x = -3*j + j - 8. Suppose x*i = w*i + 40. What is the tens digit of i?
1
Suppose 4*j = -j + 60. Suppose 0 = -a + 5*a - j. What is the units digit of a?
3
Let t(f) = -3*f**3 - 4*f**2 + f - 1. Let l(h) = -h**3 - 5*h**2 - 4*h + 1. Let n be l(-2). What is the units digit of t(n)?
1
Let d(p) = 3*p - 2. Let x(b) = 6*b**3 - 1. Let g be x(1). What is the tens digit of d(g)?
1
Let o = 3 - 4. What is the units digit of (o - 1) + 9 + 1?
8
Suppose 248 = 6*c - 160. What is the units digit of c?
8
Suppose t + 38 = -4*w, 0 = -5*w - 0*t - 4*t - 42. What is the units digit of (-75)/w - 2/4?
7
Let a be 5*((-4)/(-5))/2. Let k be 6*(-2 - (-5)/a). What is the units digit of 7 - 3*k/3?
4
Suppose 0 = 4*q - 104 - 256. What is the units digit of q?
0
Let u(q) = q**3 - 5*q**2 - 5*q - 3. Let g(d) = -3*d**3 + 10*d**2 + 10*d + 5. Let t(l) = -2*g(l) - 5*u(l). What is the units digit of t(-4)?
1
Let n(j) be the third derivative of -7*j**4/4 + j**3/3 + 8*j**2. What is the units digit of n(-1)?
4
Let o = 9 + 11. Let c be (o/(-12))/(2/(-6)). Let j = c - -9. What is the tens digit of j?
1
Let f(w) = -21*w + 2. What is the units digit of f(-4)?
6
Let k = -2 + 7. Suppose -y - 5*h - 18 = -k*y, 3*y + 2*h = 2. What is the units digit of y?
2
Let p(x) = -3*x**3 - 2*x**2 - 2. Let y be 1/(-6) + (-140)/24. Let g = -8 - y. What is the tens digit of p(g)?
1
Let u(h) = 3*h**3. What is the units digit of u(1)?
3
Suppose -7 = 5*l + 3. What is the units digit of 20 - -3 - l - -2?
7
Suppose 0 = a + 3*a - 2*k - 10, a + 5*k = -3. Let z be (4/a)/(-2)*1. What is the units digit of z + (-2 - (-12)/3)?
1
What is the hundreds digit of (3 - (-1 + -1)) + 108?
1
Let i(t) = -13*t + t**2 + 7*t + 3*t - 1. What is the units digit of i(5)?
9
Suppose 4*s - 2*s + 32 = 0. Let i(k) = -2*k - 19. What is the units digit of i(s)?
3
Let y(m) = -9*m**3 + m**2 - 1. What is the units digit of y(-1)?
9
Suppose 0 = -j - 3. What is the units digit of (50/15)/((-2)/j)?
5
What is the tens digit of 3/(2 - (-1108)/(-556))?
1
Suppose 3*f - 13*f = -110. What is the tens digit of f?
1
What is the tens digit of (-6)/21 - 240/(-7)?
3
Let r = -4 - -6. Suppose 5*h = -k - 10, -4*k - 7 = -3*k + r*h. What is the units digit of (-5)/(k/(-3)) + 10?
7
Suppose -k + 44 = 2*p, 3*k = 5*p - 11 + 121. Let y = k - -7. What is the tens digit of y?
4
Suppose -4*k = 0, -k = -d - 3*k + 96. What is the units digit of d?
6
Let y(c) = -4*c**3 - 6*c**2 - 4*c - 12. What is the units digit of y(-4)?
4